-2 + 3*(1 - 0). What are the prime factors of -16*(-2)/(m + 0)?
2
Let o(a) = a**3 + 7*a**2 + 6*a. List the prime factors of o(-5).
2, 5
Let w(t) = -3*t + 3. Let o be 0 + (-12)/(-3) + -2. Suppose -o*n = 6 - 0. List the prime factors of w(n).
2, 3
Suppose 1 = -b + 2*g, 2*b = 2*g - 0*g - 2. Let l = -3 + 2. List the prime factors of 6*(l + -1)*b.
2, 3
Let r = 4 - -103. List the prime factors of r.
107
Suppose -5*o + 312 = -2*f, -4*f + 2*o - 468 = -f. Let b = 29 + -45. List the prime factors of (-2)/(-8) + f/b.
2, 5
Let f(x) = 125*x**3 + 2*x**2 - 4*x + 3. What are the prime factors of f(1)?
2, 3, 7
Suppose 3*r + 2 = 2*r. List the prime factors of (-155)/(-6) - r/12.
2, 13
Suppose 510 = q - 6*q. Let i be -1 + q/(-2) + 2. Suppose -6*n + i = -2*n. List the prime factors of n.
13
Let c(n) = 2*n - 2. Let b(r) = -r**2 + 11*r - 6. Let k be b(11). Let p be c(k). Let f = 27 + p. List the prime factors of f.
13
Let x(c) = c + 4. Let f be x(-2). Suppose f*j + 19 = 169. Suppose 14 = u + 3*q, 4*u + q + 30 = j. What are the prime factors of u?
11
Let v be (-2)/((-8)/180)*-1. Let i = v - -74. What are the prime factors of i?
29
Let w be 5*3 - (1 - 1). Let r = 9 - w. List the prime factors of r/2*9/(-3).
3
Suppose -y - 4*x + 5*x - 3 = 0, 0 = -3*y + x - 5. Let l(z) = 44*z**2 + z. Let q be l(y). Suppose 5 = 4*f - q. What are the prime factors of f?
2, 3
Let n(x) be the first derivative of -x**4/4 - 13*x**3/3 - 3. Let r be n(-7). List the prime factors of 1/(-4) + r/(-24).
2, 3
Let i = 17 + -12. Suppose i*m + 64 = 4*w, 0 = 3*w + 7*m - 2*m - 13. What are the prime factors of w?
11
Let o = 37 - -10. List the prime factors of o.
47
Suppose 0*p = -5*p. Suppose -4*j - 5*v + 18 = 0, p = 4*v - v + 6. List the prime factors of j.
7
Let o = -1 + -1. Let a = 2 + o. Suppose a = 4*w - 2*f - 4, -3*f - 6 = -5*w - 2. List the prime factors of w.
2
What are the prime factors of 1 + 0/3 + (-423)/(-3)?
2, 71
Let l(n) = n**2 + 2*n + 2. Suppose 0*h - d - 14 = 3*h, -h - 10 = 3*d. List the prime factors of l(h).
2, 5
Suppose 3*l - 26 = -g, -36 + 14 = -2*l - 3*g. Suppose -2*b = 2*b. Let z = b + l. List the prime factors of z.
2
Let c be ((-12)/10)/(3/(-10)). Suppose -10 = -4*i + c*x + 46, -5*i = 5*x - 50. Let n(w) = -w**2 + 13*w + 7. What are the prime factors of n(i)?
19
Let d(n) = 8 + 7*n + 3*n + 2*n**2 + 0*n**2. Let z be d(-6). List the prime factors of z/(-8)*(-1 - 3).
2, 5
Suppose -4*x + 405 = x. What are the prime factors of x?
3
Suppose -4*s - 85 = -h, -3*s - 340 = -4*h - 0*s. List the prime factors of h.
5, 17
Let x be 84/(-9) - 2/(-6). Let f(h) be the third derivative of -h**6/120 - 2*h**5/15 + 3*h**4/8 + 4*h**3/3 + 2*h**2. List the prime factors of f(x).
2
Let x(w) = w**2 + 3*w - 2. Let h be x(-3). List the prime factors of h/10 + 112/10.
11
Let g(b) be the second derivative of b**5/20 + 2*b**4/3 + 7*b**3/6 + 9*b**2/2 + b. Let x = -19 + 12. List the prime factors of g(x).
3
Let t be 3/12 - 189/(-12). Suppose 18 = b - 5*x, -3*x - t + 7 = 0. Let j(s) = s**2 - 3. What are the prime factors of j(b)?
2, 3
Let q(v) = v**3 - 4*v**2 + 1. Let s be q(4). What are the prime factors of 6/18*33*s?
11
Let i = 3 - 1. Suppose i*g = -g + 15. Suppose g*d = 2*t - 0*d - 26, 21 = 3*t - 3*d. What are the prime factors of t?
3
Let s(b) = b**2 - 4*b - 2. Let r be s(5). Let x be (-1)/1 - (6 - 3). List the prime factors of 2 + 4 + r + x.
5
Let j(o) = -o**2 - 14*o + 9. Let r be j(-12). Suppose 0 = 3*p - 12 - r. List the prime factors of p.
3, 5
Let p(l) be the second derivative of l**5/60 + l**4/12 - l**2/2 - l. Let y(m) be the first derivative of p(m). List the prime factors of y(-4).
2
Let f be 1 - 58/2 - -2. Let o = f + 40. List the prime factors of o.
2, 7
Let n(w) = 3*w**2 - 8*w - 4. List the prime factors of n(7).
3, 29
Let t = 11 + 12. List the prime factors of t.
23
What are the prime factors of 0/2 - -8*2?
2
Suppose 2*y - h = -2*y - 25, 0 = 3*h - 3. List the prime factors of (-5 - -8)*(-8)/y.
2
Suppose -2*n = 2*l - 642, -n = 8*l - 10*l - 324. List the prime factors of n.
2, 7, 23
Suppose 5*n - 408 = 327. What are the prime factors of n?
3, 7
Let q(z) = 2*z**2 - 2*z + 3. List the prime factors of q(6).
3, 7
Let c(h) = -2*h - 11. What are the prime factors of c(-14)?
17
Suppose -4 = -3*a + 2. Suppose 6*f = a*f + 92. What are the prime factors of f?
23
Let q be ((-14)/(-8))/(6/(-24)). Let d be 8/28 + 2/q. Suppose -a + d + 4 = 0. What are the prime factors of a?
2
Suppose -4*r + 18 = -2. Suppose -3*l + 5*l - 12 = 0. Suppose 0*a + 2*n + l = 3*a, 5*a - 35 = -r*n. List the prime factors of a.
2
Suppose 5*c - 5*l = 680, 0 = 3*c - l - 0*l - 402. What are the prime factors of c?
7, 19
Let z = -13 - -16. Suppose -u - 2*w + w = -23, z*u = 5*w + 45. List the prime factors of u.
2, 5
Let t(v) = v**2 + v - 1. Let n be t(1). Let r be n*9*(-2)/(-6). Suppose r*p + 2*u - 21 = 0, u - 24 = -p + 6*u. What are the prime factors of p?
3
Let j be 2*(-1 + 1/(-2)). Let x(p) = 2*p**2 - 4. List the prime factors of x(j).
2, 7
Let t = 385 + -245. What are the prime factors of t?
2, 5, 7
Suppose -5*d + 463 - 13 = 0. List the prime factors of d.
2, 3, 5
Let w = 8 + -13. Let b = w - -8. What are the prime factors of b?
3
Let u(v) = v**2 + v + 40. Let m be u(0). Suppose 3*h + h = m. Let d = h - 5. What are the prime factors of d?
5
Let p = -8 - -11. Let y be (-1)/p - 69/9. Let v(i) = -i**3 - 8*i**2 - 2*i - 5. List the prime factors of v(y).
11
Suppose -2*b + 0*b = 0. Suppose -l = 3*t - 23, 2*t + 4*l + b*l = 32. Let z = -1 + t. What are the prime factors of z?
5
Suppose -3*a = -2*y + 48, -y - 3*a + 24 = -7*a. Suppose -b = -4*f + 73, f - y = -f - 2*b. What are the prime factors of f?
17
Suppose -5*d - 3*v - 9 - 3 = 0, -v + 13 = -4*d. Let b = d + 5. Let s = 10 - b. List the prime factors of s.
2
Let i(b) = b**2 - 4*b + 6. What are the prime factors of i(-5)?
3, 17
Suppose -3*b + 5*r + 128 = 0, 3*r + r = -16. Suppose 7*o = 3*o + b. List the prime factors of o.
3
Suppose 2*x + x - 382 = -f, 4*x + 2*f = 508. What are the prime factors of x?
2
Suppose 2*b - 6 + 2 = 0. Let t(m) = m**2 + 9*m + 10. Let g be t(-8). Suppose -4*r - 2 = g*c, 2*r + 7 = b*c - c. What are the prime factors of c?
3
Let y(r) = -41*r - 64. What are the prime factors of y(-9)?
5, 61
Let r(c) = -c**3 + 12*c**2 - 6*c - 4. What are the prime factors of r(6)?
2, 11
Let g(b) = -6*b**2 + b + 1. Let c be g(-2). List the prime factors of (30/c)/(1/(-5)).
2, 3
Let c = 20 - 17. Suppose -2*k = k - 30. Suppose -n + c = -k. List the prime factors of n.
13
Let f be 5*(-3 + 44/20). Let j be (16/6)/((-3)/9). What are the prime factors of (-45)/f + (-6)/j?
2, 3
Suppose 2*h = 4*m - 28, -28 - 10 = -2*m - 5*h. Suppose p - 2 = -4*k - 9, -5*k - 8 = p. Let j = m - k. What are the prime factors of j?
2, 5
Let d be (43/1 - 2)*3. Suppose -3*g = -0*g - d. What are the prime factors of g?
41
What are the prime factors of 1/4*6*314/3?
157
Let r = 77 + -51. What are the prime factors of r?
2, 13
Let q(g) = g**3 + 3*g**2 - 5*g - 2. Let x be q(-4). Suppose x = -2*j + 8. What are the prime factors of j*3 + 3 + 0?
2, 3
Let a be 5 - 4 - (-3)/(-1). Let r(k) = -2*k - 1. Let h be r(a). Suppose -4*d + 39 = h. List the prime factors of d.
3
Suppose t - 21 = 2*r - 3*r, 4*r - 78 = 2*t. Suppose q = -3*q + r. Suppose o = -3*y + 1, -3*y = q*o + 2*y - 25. List the prime factors of o.
7
List the prime factors of 0/(0 + -4) - -165.
3, 5, 11
Suppose -7*n + 3*n + 16 = 0. Suppose 3*y - 2*t = 7, n*y = 8*t - 4*t + 16. What are the prime factors of 2 + y + -2 + 11?
2, 5
What are the prime factors of 32/14*-2*35/(-20)?
2
What are the prime factors of 6/21 - (-68)/7?
2, 5
List the prime factors of (-6)/(-15) + 216/10.
2, 11
Suppose 3*g - 98 + 35 = 0. Let i = -1 + g. What are the prime factors of i?
2, 5
Let o = -5 - -7. Suppose 0 = o*a + 3*a + 20. List the prime factors of 9/(a/((-32)/6)).
2, 3
Suppose 5*a - 2*i - 2*i - 3 = 0, 0 = 2*a - i - 3. Suppose -40 = -a*w - 2*w. List the prime factors of w.
2
Suppose -5*n = -2*n + 5*b - 415, 5*b - 685 = -5*n. List the prime factors of n.
3, 5
Suppose -7 = 4*w - 39. Let h = 11 - w. What are the prime factors of (-14)/(-6) + 2/h?
3
Let g(q) = -2*q**3 - 5*q**2 + 5*q. Let n be g(-5). Let u = -56 + n. Suppose -b + u = 3*b. What are the prime factors of b?
11
Let p = 19 + -12. Let r 